*m**2 - 3*m - 2. Let a be b(-3). Suppose -a = -4*y - 0*y. Give t(y).
4
Let h(b) = -b + 19. Let p be h(19). Let v(q) = -q**3 - q**2 - 22. What is v(p)?
-22
Let j be 36/15 + 2/(-5). Suppose 8 = n - 4*x, 2*n - 9 = -x - j. Let i(l) = n + 0 + 2*l + 1. What is i(-5)?
-5
Let i be 3*-1*(5 + -6). Let m(t) = -4 - 2*t**2 - t**3 - 4 - 3*t**3 + 5*t**2 + 6*t. Let v(g) = -g**3 + g**2 + g - 1. Let d(f) = m(f) - 5*v(f). What is d(i)?
9
Let i(m) be the third derivative of m**8/6720 + m**7/504 - m**6/144 + m**5/20 - 5*m**4/24 + 3*m**2. Let k(f) be the second derivative of i(f). Determine k(-6).
0
Suppose 5*k - v = 19, -2*v = 4*k + v. Suppose -7*q = -k*q + 4. Let s = q - 2. Let n(m) = -m**3 - m**2 + 4*m + 2. Give n(s).
8
Let d(s) = 3 + 5*s**2 - 4*s**2 + 2*s - 6. Let x(h) = -4*h - 1. Let t be x(1). Give d(t).
12
Let q = 17 + -19. Let k(u) = 2*u**3 + 2*u**2 + 2*u + 3. What is k(q)?
-9
Let c(b) be the third derivative of -b**7/5040 - b**6/720 - b**5/60 - 3*b**2. Let q(j) be the third derivative of c(j). Calculate q(1).
-2
Suppose 23 = 3*b - 2*i, 3*b = -i + 4 + 34. Suppose -9 = -4*m + b. Let g(z) = -z**2 + 7*z - 7. What is g(m)?
3
Let d(k) = -k**2 - 5*k - 2. Let t be d(-5). Let z(q) = 4*q + 3*q**2 + 2*q**3 - 4*q + 2*q. Give z(t).
-8
Suppose -6 = m + 4*g, -8*m + 5*g + 20 = -3*m. Suppose 2*v - 10 = -3*r, r + 4 = -v + 9. Suppose m*x + x = r. Let u(t) = t - 6. Determine u(x).
-6
Let t(m) = 7*m - 28. Let p be t(4). Let n(q) = q**2 + q - 11. What is n(p)?
-11
Let w(t) be the first derivative of -t**3/3 - t**2 - t - 4. Suppose 2*p = -8, -27 = 2*q + 5*p - 5. Determine w(q).
0
Suppose -16*i - 10 = -18*i. Let q(s) = -s + 5. Give q(i).
0
Let w(t) = 16*t**3 + t + 1. Suppose -5*z + 6 = 6*j - 2*j, j = 4*z - 9. Determine w(j).
-16
Let g(r) = 7*r. Let z = -3 + 1. Let u(f) = 3*f + 5. Let n be u(z). What is g(n)?
-7
Let x(b) = -b**2 + 4*b. Suppose 0 = -5*n + n + 40. Suppose n = 4*v - 2. Determine x(v).
3
Let b(m) = m**2 - 2. Let f be b(-2). Let k = -1 + 3. Let r(u) = 1 + k + u - 1. Determine r(f).
4
Let v(p) = 5*p**2 - 4*p + 2. Suppose -2 = 2*l - 18. Let k = 10 - l. Determine v(k).
14
Let d(p) = -p**3 - 5*p**2 - 2*p + 3. Let n(h) = h**2 + h - 1. Let r(m) = -d(m) - 4*n(m). Let a(k) = -2*k**3 - k**2 - k - 1. Let x be a(-1). Give r(x).
1
Suppose 0 = -3*q + 4*l + 27, 2*q + 0*l - 3*l = 18. Suppose -3*m + q = 6. Let a(v) be the third derivative of 7*v**4/24 - v**3/6 + v**2. Determine a(m).
6
Let w(q) = -q**3 - 2*q**2 - q + 2. Let c(b) = -3*b - 5. Let m be c(-5). Suppose 0 = -t - t + m. Suppose -v + 1 = -3*i - 0, 4*i - 6 = t*v. Determine w(v).
4
Let k(g) = -4*g**2 + 1. Let x(v) = -v**3 + 5*v**2 - 4*v - 1. Let j be x(4). Let u(d) = d**2 - 6*d + 6. Let a be u(5). Let b be a*4/(-2) - j. What is k(b)?
-3
Let x = -2 + 4. Let l(z) = 3*z - 9 - 2*z - x*z. Determine l(-5).
-4
Let p(z) = z**2 - 6*z + 3. Let i be ((-84)/30 + 0)*(-5)/2. Give p(i).
10
Let l(r) = r**2. Let m(j) = -4*j**2 - j - 21. Let s(d) = 3*l(d) + m(d). Calculate s(0).
-21
Let q(s) = -3*s**3 + s**2 - s + 2. Let h(u) = 7*u**3 - u**2 + 2*u - 4. Let a(n) = -2*h(n) - 5*q(n). Let b be ((-24)/20)/((-6)/15). What is a(b)?
1
Let k(b) = 2*b - 2. Let y(w) = -w**2 + 19*w - 13. Let q be y(18). What is k(q)?
8
Let x(l) be the first derivative of -1 + 1/3*l**3 + 1/2*l**2 + 0*l. Determine x(-2).
2
Let s = -7 - -5. Let m(n) = -n - 32 + 72 - 40. Give m(s).
2
Let t(b) = 2*b + 4. Let d be 2/4 + 30/(-4). Let g(k) = -5*k - 8. Let v(r) = d*t(r) - 3*g(r). Calculate v(-3).
-7
Let b(r) = -r**3 - 9*r**2 - 7*r + 11. Let k = -1 - 7. Determine b(k).
3
Let z(a) be the third derivative of -1/60*a**5 + 0 + 0*a - 1/24*a**4 - 2*a**2 - 1/3*a**3. Let w(f) be the first derivative of z(f). Calculate w(-2).
3
Let d = 1 + 2. Let r(g) = -d*g**2 - 4*g**2 + 0 + 1. Suppose 0*c - 2*c = 2*k + 8, -2*c = 4*k + 18. Give r(c).
-6
Let r(d) = -d**3 - d**2 - d. Let n(l) = 35*l**3 - 2*l**2 - l. Let q(a) = n(a) - 2*r(a). Determine q(1).
38
Let w(r) = 2*r + 4. Let b be w(-3). Let j(x) = 2*x - 2. Determine j(b).
-6
Suppose x - 4*r - 21 = 0, 3*r = -3*x - x - 11. Let b(n) = -n**3 + 2*n**2 - 2*n + 1. Let m be b(x). Let d(w) = w - 3. Calculate d(m).
-3
Let n(l) = l**2 - 5*l + 3. Let z(g) = -g**3 + 3*g**2 + 2*g + 10. Let w be z(4). What is n(w)?
-3
Let i(x) be the first derivative of -8*x - 2 + 1/2*x**2. Let h be i(8). Let k(d) = -d**3 - d**2 - d + 9. Give k(h).
9
Let l(h) = -2*h + 3. Let k(m) = 1. Let r(s) = 3*k(s) - l(s). Let i be (8 + -11)/((-1)/6). Let q be (-2)/3 - (-30)/i. Calculate r(q).
2
Let h = -27 - -25. Let f(j) = -3*j - 1. What is f(h)?
5
Suppose 2*y - 9 = c, 4*y = -4*c + 8 + 16. Let s(j) = -2 + 4*j + 5 - 4 - y. Calculate s(4).
10
Let y(i) = -i**3 - 4*i**2 - i - 2. Suppose -3*c + 12 = -7*c. Let q(a) = -a**2 - 2*a - 1. Let m be q(c). Calculate y(m).
2
Let p(k) = 3*k + 13. Let i(x) = -7*x - 27. Let l(q) = -4*i(q) - 9*p(q). What is l(7)?
-2
Suppose -6 + 2 = -y. Let r(o) be the second derivative of 0*o**3 - 7/2*o**2 + 1/12*o**y + 2*o + 0. Calculate r(0).
-7
Let l(o) = o**2 + o - 6. Let r be l(0). Let t(h) = -h**2 - 8*h - 8. Give t(r).
4
Let m(f) = 2*f - 2. Let s(g) = -5*g + 3. Let x(o) = 5*m(o) + 3*s(o). Let k = -9 - -21. Let u = 11 - k. Give x(u).
4
Let n(a) = 0*a + 2*a + 0*a + 12 - a. Let b be n(-9). Let c(z) = 4*z**3 + 0*z - 7*z**3 - 2*z**2 - 2*z - 1 + 5*z**b. What is c(-1)?
-3
Let c(s) be the third derivative of 1/120*s**6 - 2*s**2 + 0*s**4 - 1/60*s**5 + 1/6*s**3 + 0 + 0*s. Suppose -5*p = -0*p. Give c(p).
1
Suppose 5*p - l = 33, -3*p - 5*l + 2 + 1 = 0. Let i(s) be the first derivative of s**4/4 - 7*s**3/3 + 7*s**2/2 - 4*s + 6. Determine i(p).
2
Let s(w) = -w**2 + w - 1. Let b be (2/(-6))/(6/90). Let t be 3 + b - -1*4. Give s(t).
-3
Let i(g) be the first derivative of g**6/120 - g**5/10 + g**4/3 - 5*g**3/6 + 5*g**2/2 + 3. Let w(n) be the second derivative of i(n). Give w(5).
10
Let j = 3 + -2. Let q be 3/(j*(-3)/9). Let m = q - -5. Let d(b) = -b**3 - 3*b**2 + 3*b. Give d(m).
4
Suppose 0 = -4*n - 3*t + 14, -5*n = 6*t - 4*t - 14. Suppose -5*s + 2*s + 18 = n*o, -5*o - 4*s = -38. Let p(c) = c**3 - 7*c**2 + 4*c + 8. Give p(o).
-4
Let n(v) = -1 - 2*v - 3 + 1. Let i be (-1)/(5/(-6) - -1). Let q = i - -1. Calculate n(q).
7
Let d(j) be the first derivative of -j**4/4 + j**3 + 7*j**2/2 - 5*j - 1. Let k = -44 - -29. Let r be (-8)/(-3)*k/(-10). Calculate d(r).
7
Suppose 3*l - 3*q = -3, l - 2*q + 0 = 1. Let n be (-42)/(2/(-6)*l). Let v be n/(-12) - 2/4. Let r(t) = t**2 - 3*t - 4. Give r(v).
-4
Let v(x) = x**2 - 4*x + 1. Let f be v(5). Let o(z) = 721*z - z**2 - 235*z - 244*z + 3 - 237*z. Give o(f).
-3
Let p be 1 + 2 + 2/(-4)*0. Let v(j) = 9*j + 1. Give v(p).
28
Suppose 5*j - 54 = -4*j. Let t(o) = -o**3 + 5*o**2 + 8*o - 9. Determine t(j).
3
Let x(m) = m + 11. Let p be x(-11). Let c(a) = -a - 6. What is c(p)?
-6
Suppose -4*h + 41 = 5*p, 0 = 2*p - h - 2 - 4. Let w(d) = d + 5. Let t(v) = -5. Let j(m) = -4*t(m) - 3*w(m). Give j(p).
-10
Let k(y) = y**2 + 7*y + 7. Let n(j) = 0*j**2 + 2*j**2 + 7 - 7*j**3 - 9*j**2 - 4*j + 6*j**3. Let d be n(-6). Determine k(d).
-3
Let n(g) = g. Let p(q) be the second derivative of -q**4/12 - 5*q**3/6 - q**2 - 2*q. Let v be p(-5). What is n(v)?
-2
Let f(u) = 3*u**3 - 17*u**2 - 7*u - 19. Suppose -2*d = 6 + 4. Let b(y) = 2*y**3 - 9*y**2 - 3*y - 10. Let v(l) = d*b(l) + 3*f(l). Calculate v(-5).
-2
Suppose 5*q - 9 - 1 = 0. Let h(a) = 2*a**2 + a - a**2 - q*a**2. Give h(1).
0
Let z(j) = -j**3 - 3*j**2 - j + 2. Let f be z(-2). Let w(m) = m**2 + m + 4. What is w(f)?
4
Let g(j) = j**3 - 3*j**2 - 4*j. Suppose 4*d = -v + 11, -d - 3*d - 4*v + 8 = 0. Let o be d*((-40)/6)/(-5). Determine g(o).
0
Let g(v) be the third derivative of -1/8*v**4 - 1/6*v**3 + 0*v + 1/60*v**5 + 6*v**2 + 0. Calculate g(3).
-1
Let a(i) = -i**3 - 4*i**2 + 2*i - 1. Let k be 9/(-3) - (0 + 1). What is a(k)?
-9
Let u(j) = 7*j**3 - 19*j**2 + 18*j - 23. Let v(b) = -3*b**3 + 9*b**2 - 9*b + 11. Let g(x) = 2*u(x) + 5*v(x). Give g(6).
-9
Let b(f) = 10*f**3 + f**2 - f + 1. Let y(g) = -g - 11. Let q be y(-18). Let s = 6 + -12. Let j = q + s. Give b(j).
11
Let x(p) = 5*p**2 - 5*p + 5. Let l(o) = -22*o**2 + 20*o - 20. Let b(i) = -2*l(i) - 9*x(i). Calculate b(6).
-11
Suppose -4*c + 0*c = 0. Let f(m) be the first derivative of -3 - 3*m + 1/2*m**2. What is f(c)?
-3
Let y(x) = 3*x + 3. Suppose 0 = 5*a + 2*i - 18, -2*a + 4*i - 5*